{"id":163,"date":"2021-12-23T15:45:04","date_gmt":"2021-12-23T12:45:04","guid":{"rendered":"https:\/\/pres-is.com\/?page_id=163"},"modified":"2022-08-02T14:28:52","modified_gmt":"2022-08-02T14:28:52","slug":"tarihimiz","status":"publish","type":"page","link":"https:\/\/pres-is.com\/de\/tarihimiz\/","title":{"rendered":"OUR HISTORIE"},"content":{"rendered":"<p>[vc_row][vc_column][vc_row_inner][vc_column_inner width=&#8220;1\/2&#8243;][vc_column_text]<\/p>\n<div class=\"page\" title=\"Page 3\">\n<div class=\"section\">\n<div class=\"layoutArea\">\n<div class=\"column\"><\/div>\n<\/div>\n<div class=\"layoutArea\">\n<div class=\"column\">\n<h1 style=\"text-align: center;\"><strong>WIE<\/strong><\/h1>\n<h1 style=\"text-align: center;\"><strong>ALLES BEGANN<\/strong><\/h1>\n<p style=\"text-align: center;\"><strong>66 Jahre sind seit der Gru\u0308ndung unseres Unternehmens vergangen. Angefangen hat alles in einer kleinen Werkstatt in Bursa&#8230;<\/strong><\/p>\n<p style=\"text-align: center;\">Wir haben vor 66 Jahren mit der Produktion von Holzo\u0308fen begonnen. Heute hat die 3. Generation u\u0308bernommen und wir tragen weiterhin zu dieser Kunst bei, um Tag fu\u0308r Tag den \u201eTraditionellen Holzofen\u201c mit innovativen Technologien zu produzieren.<\/p>\n<p style=\"text-align: center;\">U\u0308berall in der Tu\u0308rkei, in allen Sta\u0308dten und Do\u0308rfern teils in allta\u0308glichen Ha\u0308usern aber auch in Weltberu\u0308hmten Restaurants sind unsere Holzo\u0308fen zu finden. Unsere O\u0308fen werden von unseren spezialisierten Mitarbeitern in Handarbeit hergestellt. In der letzten Phase kontrollieren unsere Senior Handwerker die mehr als 15 Jahre mit uns gemeinsam diesen Weg gehen die gefertigten Pres I\u0307s\u0327 O\u0308fen.<\/p>\n<p style=\"text-align: center;\">Genau das macht uns zu einem echten Familienunternehmen.<\/p>\n<\/div>\n<\/div>\n<\/div>\n<\/div>\n<p>[\/vc_column_text][\/vc_column_inner][vc_column_inner width=&#8220;1\/2&#8243;][vc_single_image image=&#8220;405&#8243; img_size=&#8220;full&#8220; alignment=&#8220;center&#8220; style=&#8220;vc_box_rounded&#8220;][\/vc_column_inner][\/vc_row_inner][\/vc_column][\/vc_row][vc_row full_width=&#8220;stretch_row_content&#8220; gap=&#8220;10&#8243; css=&#8220;.vc_custom_1659444940899{padding-top: 50px !important;background-image: url(https:\/\/pres-is.com\/wp-content\/uploads\/2022\/01\/bg-alt-01.jpg?id=484) !important;background-position: center !important;background-repeat: no-repeat !important;background-size: cover !important;}&#8220;][vc_column][vc_row_inner][vc_column_inner width=&#8220;1\/4&#8243;][vc_custom_heading text=&#8220;PRES-\u0130\u015e OFEN&#8220; font_container=&#8220;tag:p|font_size:25|text_align:left|color:%232aa97a&#8220; use_theme_fonts=&#8220;yes&#8220;][vc_wp_custommenu nav_menu=&#8220;43&#8243;][\/vc_column_inner][vc_column_inner width=&#8220;1\/4&#8243;][vc_custom_heading text=&#8220;PRODUKTKATEGORIEN&#8220; font_container=&#8220;tag:p|font_size:25|text_align:left|color:%232aa97a&#8220; use_theme_fonts=&#8220;yes&#8220;][vc_wp_custommenu nav_menu=&#8220;44&#8243;][\/vc_column_inner][vc_column_inner width=&#8220;1\/4&#8243;][vc_custom_heading text=&#8220;PRES \u0130\u015e&#8220; font_container=&#8220;tag:p|font_size:25|text_align:left|color:%232aa97a&#8220; use_theme_fonts=&#8220;yes&#8220;][vc_wp_custommenu nav_menu=&#8220;42&#8243;][\/vc_column_inner][vc_column_inner width=&#8220;1\/4&#8243;][vc_single_image image=&#8220;122&#8243; img_size=&#8220;full&#8220; alignment=&#8220;center&#8220;][vc_column_text]<span style=\"color: #ffffff;\">Wir haben vor 66 Jahren mit der Produktion von Holz\u00f6fen begonnen. Heute hat die 3. Generation \u00fcbernommen und wir tragen weiterhin zu dieser Kunst bei, um Tag f\u00fcr Tag den \u201eTraditionellen Holzofen\u201c mit innovativen Technologien zu produzieren.<\/span>[\/vc_column_text][\/vc_column_inner][\/vc_row_inner][vc_separator color=&#8220;custom&#8220; style=&#8220;dotted&#8220; border_width=&#8220;2&#8243; el_width=&#8220;90&#8243; accent_color=&#8220;#2aa97a&#8220;][vc_column_text]<\/p>\n<p style=\"text-align: center;\"><span style=\"color: #ffffff;\">\u00a9 Copyright 2021 PRES-\u0130\u015e Industrie- und Handelsgesellschaft f\u00fcr Heizger\u00e4te | Alle Rechte vorbehalten.<\/span><\/p>\n<p>[\/vc_column_text][\/vc_column][\/vc_row]<\/p>","protected":false},"excerpt":{"rendered":"<p>[vc_row][vc_column][vc_row_inner][vc_column_inner width=&#8220;1\/2&#8243;][vc_column_text] WIE ALLES BEGANN 66 Jahre sind seit der Gru\u0308ndung unseres Unternehmens vergangen. Angefangen hat alles in einer kleinen Werkstatt in Bursa&#8230; Wir haben vor<span class=\"excerpt-hellip\"> [\u2026]<\/span><\/p>\n","protected":false},"author":2,"featured_media":0,"parent":0,"menu_order":0,"comment_status":"closed","ping_status":"closed","template":"","meta":[],"yoast_head":"<!-- This site is optimized with the Yoast SEO plugin v20.4 - https:\/\/yoast.com\/wordpress\/plugins\/seo\/ -->\r\n<title>OUR HISTORIE - S\u0131cak Dostunuz<\/title>\r\n<meta name=\"robots\" content=\"index, follow, max-snippet:-1, max-image-preview:large, max-video-preview:-1\" \/>\r\n<link rel=\"canonical\" href=\"https:\/\/pres-is.com\/tarihimiz\/\" \/>\r\n<meta property=\"og:locale\" content=\"de_DE\" \/>\r\n<meta property=\"og:type\" content=\"article\" \/>\r\n<meta property=\"og:title\" content=\"[:tr]TAR\u0130H\u0130M\u0130Z[:en]HISTORY[:de]OUR HISTORIE[:] - S\u0131cak Dostunuz\" \/>\r\n<meta property=\"og:description\" content=\"[vc_row][vc_column][vc_row_inner][vc_column_inner width=&#8220;1\/2&#8243;][vc_column_text] WIE ALLES BEGANN 66 Jahre sind seit der Gru\u0308ndung unseres Unternehmens vergangen. Angefangen hat alles in einer kleinen Werkstatt in Bursa&#8230; Wir haben vor [\u2026]\" \/>\r\n<meta property=\"og:url\" content=\"https:\/\/pres-is.com\/tarihimiz\/\" \/>\r\n<meta property=\"og:site_name\" content=\"S\u0131cak Dostunuz\" \/>\r\n<meta property=\"article:modified_time\" content=\"2022-08-02T14:28:52+00:00\" \/>\r\n<meta name=\"twitter:card\" content=\"summary_large_image\" \/>\r\n<meta name=\"twitter:label1\" content=\"Gesch\u00e4tzte Lesezeit\" \/>\n\t<meta name=\"twitter:data1\" content=\"4\u00a0Minuten\" \/>\r\n<script type=\"application\/ld+json\" class=\"yoast-schema-graph\">{\"@context\":\"https:\/\/schema.org\",\"@graph\":[{\"@type\":\"WebPage\",\"@id\":\"https:\/\/pres-is.com\/tarihimiz\/\",\"url\":\"https:\/\/pres-is.com\/tarihimiz\/\",\"name\":\"[:tr]TAR\u0130H\u0130M\u0130Z[:en]HISTORY[:de]OUR HISTORIE[:] - S\u0131cak Dostunuz\",\"isPartOf\":{\"@id\":\"https:\/\/pres-is.com\/tr\/#website\"},\"datePublished\":\"2021-12-23T12:45:04+00:00\",\"dateModified\":\"2022-08-02T14:28:52+00:00\",\"breadcrumb\":{\"@id\":\"https:\/\/pres-is.com\/tarihimiz\/#breadcrumb\"},\"inLanguage\":\"de\",\"potentialAction\":[{\"@type\":\"ReadAction\",\"target\":[\"https:\/\/pres-is.com\/tarihimiz\/\"]}]},{\"@type\":\"BreadcrumbList\",\"@id\":\"https:\/\/pres-is.com\/tarihimiz\/#breadcrumb\",\"itemListElement\":[{\"@type\":\"ListItem\",\"position\":1,\"name\":\"Anasayfa\",\"item\":\"https:\/\/pres-is.com\/\"},{\"@type\":\"ListItem\",\"position\":2,\"name\":\"TAR\u0130H\u0130M\u0130Z\"}]},{\"@type\":\"WebSite\",\"@id\":\"https:\/\/pres-is.com\/tr\/#website\",\"url\":\"https:\/\/pres-is.com\/tr\/\",\"name\":\"S\u0131cak Dostunuz\",\"description\":\"\u00dcretim Zaman\u0131\",\"potentialAction\":[{\"@type\":\"SearchAction\",\"target\":{\"@type\":\"EntryPoint\",\"urlTemplate\":\"https:\/\/pres-is.com\/tr\/?s={search_term_string}\"},\"query-input\":\"required name=search_term_string\"}],\"inLanguage\":\"de\"}]}<\/script>\r\n<!-- \/ Yoast SEO plugin. -->","yoast_head_json":{"title":"[:tr]TAR\u0130H\u0130M\u0130Z[:en]HISTORY[:de]OUR HISTORIE[:] - S\u0131cak Dostunuz","robots":{"index":"index","follow":"follow","max-snippet":"max-snippet:-1","max-image-preview":"max-image-preview:large","max-video-preview":"max-video-preview:-1"},"canonical":"https:\/\/pres-is.com\/tarihimiz\/","og_locale":"de_DE","og_type":"article","og_title":"[:tr]TAR\u0130H\u0130M\u0130Z[:en]HISTORY[:de]OUR HISTORIE[:] - S\u0131cak Dostunuz","og_description":"[vc_row][vc_column][vc_row_inner][vc_column_inner width=&#8220;1\/2&#8243;][vc_column_text] WIE ALLES BEGANN 66 Jahre sind seit der Gru\u0308ndung unseres Unternehmens vergangen. Angefangen hat alles in einer kleinen Werkstatt in Bursa&#8230; Wir haben vor [\u2026]","og_url":"https:\/\/pres-is.com\/tarihimiz\/","og_site_name":"S\u0131cak Dostunuz","article_modified_time":"2022-08-02T14:28:52+00:00","twitter_card":"summary_large_image","twitter_misc":{"Gesch\u00e4tzte Lesezeit":"4\u00a0Minuten"},"schema":{"@context":"https:\/\/schema.org","@graph":[{"@type":"WebPage","@id":"https:\/\/pres-is.com\/tarihimiz\/","url":"https:\/\/pres-is.com\/tarihimiz\/","name":"[:tr]TAR\u0130H\u0130M\u0130Z[:en]HISTORY[:de]OUR HISTORIE[:] - S\u0131cak Dostunuz","isPartOf":{"@id":"https:\/\/pres-is.com\/tr\/#website"},"datePublished":"2021-12-23T12:45:04+00:00","dateModified":"2022-08-02T14:28:52+00:00","breadcrumb":{"@id":"https:\/\/pres-is.com\/tarihimiz\/#breadcrumb"},"inLanguage":"de","potentialAction":[{"@type":"ReadAction","target":["https:\/\/pres-is.com\/tarihimiz\/"]}]},{"@type":"BreadcrumbList","@id":"https:\/\/pres-is.com\/tarihimiz\/#breadcrumb","itemListElement":[{"@type":"ListItem","position":1,"name":"Anasayfa","item":"https:\/\/pres-is.com\/"},{"@type":"ListItem","position":2,"name":"TAR\u0130H\u0130M\u0130Z"}]},{"@type":"WebSite","@id":"https:\/\/pres-is.com\/tr\/#website","url":"https:\/\/pres-is.com\/tr\/","name":"S\u0131cak Dostunuz","description":"\u00dcretim Zaman\u0131","potentialAction":[{"@type":"SearchAction","target":{"@type":"EntryPoint","urlTemplate":"https:\/\/pres-is.com\/tr\/?s={search_term_string}"},"query-input":"required name=search_term_string"}],"inLanguage":"de"}]}},"_links":{"self":[{"href":"https:\/\/pres-is.com\/de\/wp-json\/wp\/v2\/pages\/163"}],"collection":[{"href":"https:\/\/pres-is.com\/de\/wp-json\/wp\/v2\/pages"}],"about":[{"href":"https:\/\/pres-is.com\/de\/wp-json\/wp\/v2\/types\/page"}],"author":[{"embeddable":true,"href":"https:\/\/pres-is.com\/de\/wp-json\/wp\/v2\/users\/2"}],"replies":[{"embeddable":true,"href":"https:\/\/pres-is.com\/de\/wp-json\/wp\/v2\/comments?post=163"}],"version-history":[{"count":45,"href":"https:\/\/pres-is.com\/de\/wp-json\/wp\/v2\/pages\/163\/revisions"}],"predecessor-version":[{"id":1036,"href":"https:\/\/pres-is.com\/de\/wp-json\/wp\/v2\/pages\/163\/revisions\/1036"}],"wp:attachment":[{"href":"https:\/\/pres-is.com\/de\/wp-json\/wp\/v2\/media?parent=163"}],"curies":[{"name":"wp","href":"https:\/\/api.w.org\/{rel}","templated":true}]}}

<p>[vc_row][vc_column][vc_row_inner][vc_column_inner width=&#8220;1/2&#8243;][vc_column_text]</p>
<div class="page" title="Page 3">
<div class="section">
<div class="layoutArea">
<div class="column"></div>
</div>
<div class="layoutArea">
<div class="column">
<h1 style="text-align: center;"><strong>WIE</strong></h1>
<h1 style="text-align: center;"><strong>ALLES BEGANN</strong></h1>
<p style="text-align: center;"><strong>66 Jahre sind seit der Gründung unseres Unternehmens vergangen. Angefangen hat alles in einer kleinen Werkstatt in Bursa&#8230;</strong></p>
<p style="text-align: center;">Wir haben vor 66 Jahren mit der Produktion von Holzöfen begonnen. Heute hat die 3. Generation übernommen und wir tragen weiterhin zu dieser Kunst bei, um Tag für Tag den „Traditionellen Holzofen“ mit innovativen Technologien zu produzieren.</p>
<p style="text-align: center;">Überall in der Türkei, in allen Städten und Dörfern teils in alltäglichen Häusern aber auch in Weltberühmten Restaurants sind unsere Holzöfen zu finden. Unsere Öfen werden von unseren spezialisierten Mitarbeitern in Handarbeit hergestellt. In der letzten Phase kontrollieren unsere Senior Handwerker die mehr als 15 Jahre mit uns gemeinsam diesen Weg gehen die gefertigten Pres İş Öfen.</p>
<p style="text-align: center;">Genau das macht uns zu einem echten Familienunternehmen.</p>
</div>
</div>
</div>
</div>
<p>[/vc_column_text][/vc_column_inner][vc_column_inner width=&#8220;1/2&#8243;][vc_single_image image=&#8220;405&#8243; img_size=&#8220;full&#8220; alignment=&#8220;center&#8220; style=&#8220;vc_box_rounded&#8220;][/vc_column_inner][/vc_row_inner][/vc_column][/vc_row][vc_row full_width=&#8220;stretch_row_content&#8220; gap=&#8220;10&#8243; css=&#8220;.vc_custom_1659444940899{padding-top: 50px !important;background-image: url(https://pres-is.com/wp-content/uploads/2022/01/bg-alt-01.jpg?id=484) !important;background-position: center !important;background-repeat: no-repeat !important;background-size: cover !important;}&#8220;][vc_column][vc_row_inner][vc_column_inner width=&#8220;1/4&#8243;][vc_custom_heading text=&#8220;PRES-İŞ OFEN&#8220; font_container=&#8220;tag:p|font_size:25|text_align:left|color:%232aa97a&#8220; use_theme_fonts=&#8220;yes&#8220;][vc_wp_custommenu nav_menu=&#8220;43&#8243;][/vc_column_inner][vc_column_inner width=&#8220;1/4&#8243;][vc_custom_heading text=&#8220;PRODUKTKATEGORIEN&#8220; font_container=&#8220;tag:p|font_size:25|text_align:left|color:%232aa97a&#8220; use_theme_fonts=&#8220;yes&#8220;][vc_wp_custommenu nav_menu=&#8220;44&#8243;][/vc_column_inner][vc_column_inner width=&#8220;1/4&#8243;][vc_custom_heading text=&#8220;PRES İŞ&#8220; font_container=&#8220;tag:p|font_size:25|text_align:left|color:%232aa97a&#8220; use_theme_fonts=&#8220;yes&#8220;][vc_wp_custommenu nav_menu=&#8220;42&#8243;][/vc_column_inner][vc_column_inner width=&#8220;1/4&#8243;][vc_single_image image=&#8220;122&#8243; img_size=&#8220;full&#8220; alignment=&#8220;center&#8220;][vc_column_text]<span style="color: #ffffff;">Wir haben vor 66 Jahren mit der Produktion von Holzöfen begonnen. Heute hat die 3. Generation übernommen und wir tragen weiterhin zu dieser Kunst bei, um Tag für Tag den „Traditionellen Holzofen“ mit innovativen Technologien zu produzieren.</span>[/vc_column_text][/vc_column_inner][/vc_row_inner][vc_separator color=&#8220;custom&#8220; style=&#8220;dotted&#8220; border_width=&#8220;2&#8243; el_width=&#8220;90&#8243; accent_color=&#8220;#2aa97a&#8220;][vc_column_text]</p>
<p style="text-align: center;"><span style="color: #ffffff;">© Copyright 2021 PRES-İŞ Industrie- und Handelsgesellschaft für Heizgeräte | Alle Rechte vorbehalten.</span></p>
<p>[/vc_column_text][/vc_column][/vc_row]</p>

<!-- This site is optimized with the Yoast SEO plugin v20.4 - https://yoast.com/wordpress/plugins/seo/ -->
<title>OUR HISTORIE - Sıcak Dostunuz</title>
<meta name="robots" content="index, follow, max-snippet:-1, max-image-preview:large, max-video-preview:-1" />
<link rel="canonical" href="https://pres-is.com/tarihimiz/" />
<meta property="og:locale" content="de_DE" />
<meta property="og:type" content="article" />
<meta property="og:title" content="[:tr]TARİHİMİZ[:en]HISTORY[:de]OUR HISTORIE[:] - Sıcak Dostunuz" />
<meta property="og:description" content="[vc_row][vc_column][vc_row_inner][vc_column_inner width=&#8220;1/2&#8243;][vc_column_text] WIE ALLES BEGANN 66 Jahre sind seit der Gründung unseres Unternehmens vergangen. Angefangen hat alles in einer kleinen Werkstatt in Bursa&#8230; Wir haben vor […]" />
<meta property="og:url" content="https://pres-is.com/tarihimiz/" />
<meta property="og:site_name" content="Sıcak Dostunuz" />
<meta property="article:modified_time" content="2022-08-02T14:28:52+00:00" />
<meta name="twitter:card" content="summary_large_image" />
<meta name="twitter:label1" content="Geschätzte Lesezeit" />
	<meta name="twitter:data1" content="4 Minuten" />
<script type="application/ld+json" class="yoast-schema-graph">{"@context":"https://schema.org","@graph":[{"@type":"WebPage","@id":"https://pres-is.com/tarihimiz/","url":"https://pres-is.com/tarihimiz/","name":"[:tr]TARİHİMİZ[:en]HISTORY[:de]OUR HISTORIE[:] - Sıcak Dostunuz","isPartOf":{"@id":"https://pres-is.com/tr/#website"},"datePublished":"2021-12-23T12:45:04+00:00","dateModified":"2022-08-02T14:28:52+00:00","breadcrumb":{"@id":"https://pres-is.com/tarihimiz/#breadcrumb"},"inLanguage":"de","potentialAction":[{"@type":"ReadAction","target":["https://pres-is.com/tarihimiz/"]}]},{"@type":"BreadcrumbList","@id":"https://pres-is.com/tarihimiz/#breadcrumb","itemListElement":[{"@type":"ListItem","position":1,"name":"Anasayfa","item":"https://pres-is.com/"},{"@type":"ListItem","position":2,"name":"TARİHİMİZ"}]},{"@type":"WebSite","@id":"https://pres-is.com/tr/#website","url":"https://pres-is.com/tr/","name":"Sıcak Dostunuz","description":"Üretim Zamanı","potentialAction":[{"@type":"SearchAction","target":{"@type":"EntryPoint","urlTemplate":"https://pres-is.com/tr/?s={search_term_string}"},"query-input":"required name=search_term_string"}],"inLanguage":"de"}]}</script>
<!-- / Yoast SEO plugin. -->

[:tr]TARİHİMİZ[:en]HISTORY[:de]OUR HISTORIE[:] - Sıcak Dostunuz

Sıcak Dostunuz

TARİHİMİZ

Üretim Zamanı
